{"id":890,"date":"2021-11-11T14:28:58","date_gmt":"2021-11-11T13:28:58","guid":{"rendered":"https:\/\/bygdeforeningen.vidsel.se\/?page_id=890"},"modified":"2024-04-09T11:37:08","modified_gmt":"2024-04-09T09:37:08","slug":"hyresvillkor","status":"publish","type":"page","link":"https:\/\/bygdeforeningen.vidsel.se\/index.php\/hyresvillkor\/","title":{"rendered":"Hyresvillkor"},"content":{"rendered":"\t\t<div data-elementor-type=\"wp-page\" data-elementor-id=\"890\" class=\"elementor elementor-890\" data-elementor-settings=\"[]\">\n\t\t\t\t\t\t\t<div class=\"elementor-section-wrap\">\n\t\t\t\t\t\t\t<section class=\"elementor-section elementor-top-section elementor-element elementor-element-3b526246 elementor-section-height-min-height elementor-section-content-middle elementor-section-boxed elementor-section-height-default elementor-section-items-middle\" data-id=\"3b526246\" data-element_type=\"section\" data-settings=\"{&quot;background_background&quot;:&quot;classic&quot;}\">\n\t\t\t\t\t\t\t<div class=\"elementor-background-overlay\"><\/div>\n\t\t\t\t\t\t\t<div class=\"elementor-container elementor-column-gap-no\">\n\t\t\t\t\t<div class=\"elementor-column elementor-col-100 elementor-top-column elementor-element elementor-element-230cda27\" data-id=\"230cda27\" data-element_type=\"column\">\n\t\t\t<div class=\"elementor-widget-wrap elementor-element-populated\">\n\t\t\t\t\t\t\t\t<div class=\"elementor-element elementor-element-1c73ed1e elementor-widget elementor-widget-heading\" data-id=\"1c73ed1e\" data-element_type=\"widget\" data-widget_type=\"heading.default\">\n\t\t\t\t<div class=\"elementor-widget-container\">\n\t\t\t<h2 class=\"elementor-heading-title elementor-size-default\">Hyresvillkor <\/h2>\t\t<\/div>\n\t\t\t\t<\/div>\n\t\t\t\t\t<\/div>\n\t\t<\/div>\n\t\t\t\t\t\t\t<\/div>\n\t\t<\/section>\n\t\t\t\t<section class=\"elementor-section elementor-top-section elementor-element elementor-element-1b64710a elementor-section-boxed elementor-section-height-default elementor-section-height-default\" data-id=\"1b64710a\" data-element_type=\"section\">\n\t\t\t\t\t\t<div class=\"elementor-container elementor-column-gap-default\">\n\t\t\t\t\t<div class=\"elementor-column elementor-col-100 elementor-top-column elementor-element elementor-element-45341046\" data-id=\"45341046\" data-element_type=\"column\">\n\t\t\t<div class=\"elementor-widget-wrap elementor-element-populated\">\n\t\t\t\t\t\t\t\t<div class=\"elementor-element elementor-element-7284f7cc elementor-widget elementor-widget-spacer\" data-id=\"7284f7cc\" data-element_type=\"widget\" data-widget_type=\"spacer.default\">\n\t\t\t\t<div class=\"elementor-widget-container\">\n\t\t\t\t\t<div class=\"elementor-spacer\">\n\t\t\t<div class=\"elementor-spacer-inner\"><\/div>\n\t\t<\/div>\n\t\t\t\t<\/div>\n\t\t\t\t<\/div>\n\t\t\t\t<div class=\"elementor-element elementor-element-4b59dd7d elementor-widget elementor-widget-heading\" data-id=\"4b59dd7d\" data-element_type=\"widget\" data-widget_type=\"heading.default\">\n\t\t\t\t<div class=\"elementor-widget-container\">\n\t\t\t<h2 class=\"elementor-heading-title elementor-size-default\">Hyresvillkor &amp; ordningsf\u00f6reskrifter<\/h2>\t\t<\/div>\n\t\t\t\t<\/div>\n\t\t\t\t<div class=\"elementor-element elementor-element-bafdf6f elementor-widget elementor-widget-text-editor\" data-id=\"bafdf6f\" data-element_type=\"widget\" data-widget_type=\"text-editor.default\">\n\t\t\t\t<div class=\"elementor-widget-container\">\n\t\t\t\t\t\t\t<p>Person som hyr lokalen b\u00e4r ansvar f\u00f6r att ordningsf\u00f6reskrifterna f\u00f6ljs, lokalen hyrs av myndig person. Vid ungdomsverksamhet liknande klassfester och liknande skall en vuxen ansvarig finnas n\u00e4rvarande.<\/p><p>Uthyrningstiden skall h\u00e5llas, \u00f6nskade f\u00f6r\u00e4ndringar m\u00e5ste alltid anm\u00e4las till uthyraren.<\/p><p>Endast f\u00f6rhyrd lokal f\u00e5r disponeras. Lokalerna skall h\u00e5llas i god ordning och hyresg\u00e4sten skall se till att lokalen st\u00e4das efter anv\u00e4ndningen, i f\u00f6rekommande fall \u00e4ven vid entr\u00e9n, sopsortering g\u00e4ller: gr\u00f6n tunna (br\u00e4nnbart) finns bakom skolans matsal, \u00f6vrigt som glas, papper, metall mm skall hyresg\u00e4sten sj\u00e4lv transportera till byns \u00e5tervinningsstation. Sedan se till att lampor sl\u00e4cks och d\u00f6rrar l\u00e5ses. Om skador uppst\u00e5r eller saker g\u00e5r s\u00f6nder m\u00e5ste hyresv\u00e4rden (VBF) meddelas, vid st\u00f6rre skador kr\u00e4vs ers\u00e4ttning.<\/p>\t\t\t\t\t\t<\/div>\n\t\t\t\t<\/div>\n\t\t\t\t\t<\/div>\n\t\t<\/div>\n\t\t\t\t\t\t\t<\/div>\n\t\t<\/section>\n\t\t\t\t<section class=\"elementor-section elementor-top-section elementor-element elementor-element-76100f37 elementor-section-boxed elementor-section-height-default elementor-section-height-default\" data-id=\"76100f37\" data-element_type=\"section\">\n\t\t\t\t\t\t<div class=\"elementor-container elementor-column-gap-default\">\n\t\t\t\t\t<div class=\"elementor-column elementor-col-100 elementor-top-column elementor-element elementor-element-237beba1\" data-id=\"237beba1\" data-element_type=\"column\">\n\t\t\t<div class=\"elementor-widget-wrap elementor-element-populated\">\n\t\t\t\t\t\t\t\t<div class=\"elementor-element elementor-element-7a8f5422 elementor-widget elementor-widget-heading\" data-id=\"7a8f5422\" data-element_type=\"widget\" data-widget_type=\"heading.default\">\n\t\t\t\t<div class=\"elementor-widget-container\">\n\t\t\t<h2 class=\"elementor-heading-title elementor-size-medium\">bokning \/ Betalning \/ Avbokning<\/h2>\t\t<\/div>\n\t\t\t\t<\/div>\n\t\t\t\t<div class=\"elementor-element elementor-element-974bb8f elementor-widget elementor-widget-text-editor\" data-id=\"974bb8f\" data-element_type=\"widget\" data-widget_type=\"text-editor.default\">\n\t\t\t\t<div class=\"elementor-widget-container\">\n\t\t\t\t\t\t\t<p>F\u00f6r pris eller bokning kontakta Eina via telefon 070-308 53 76<\/p>\t\t\t\t\t\t<\/div>\n\t\t\t\t<\/div>\n\t\t\t\t<div class=\"elementor-element elementor-element-03e1108 elementor-widget elementor-widget-spacer\" data-id=\"03e1108\" data-element_type=\"widget\" data-widget_type=\"spacer.default\">\n\t\t\t\t<div class=\"elementor-widget-container\">\n\t\t\t\t\t<div class=\"elementor-spacer\">\n\t\t\t<div class=\"elementor-spacer-inner\"><\/div>\n\t\t<\/div>\n\t\t\t\t<\/div>\n\t\t\t\t<\/div>\n\t\t\t\t\t<\/div>\n\t\t<\/div>\n\t\t\t\t\t\t\t<\/div>\n\t\t<\/section>\n\t\t\t\t\t\t<\/div>\n\t\t\t\t\t<\/div>\n\t\t","protected":false},"excerpt":{"rendered":"<p>Hyresvillkor Hyresvillkor &amp; ordningsf\u00f6reskrifter Person som hyr lokalen b\u00e4r ansvar f\u00f6r att ordningsf\u00f6reskrifterna f\u00f6ljs, lokalen hyrs av myndig person. Vid ungdomsverksamhet liknande klassfester och liknande skall en vuxen ansvarig finnas n\u00e4rvarande. Uthyrningstiden skall h\u00e5llas, \u00f6nskade f\u00f6r\u00e4ndringar m\u00e5ste alltid anm\u00e4las till uthyraren. Endast f\u00f6rhyrd lokal f\u00e5r disponeras. Lokalerna skall h\u00e5llas i god ordning och hyresg\u00e4sten skall &hellip;<\/p>\n<p class=\"read-more\"> <a class=\"\" href=\"https:\/\/bygdeforeningen.vidsel.se\/index.php\/hyresvillkor\/\"> <span class=\"screen-reader-text\">Hyresvillkor<\/span> L\u00e4s mer &raquo;<\/a><\/p>\n","protected":false},"author":3,"featured_media":0,"parent":0,"menu_order":0,"comment_status":"closed","ping_status":"closed","template":"","meta":{"site-sidebar-layout":"no-sidebar","site-content-layout":"page-builder","ast-main-header-display":"","ast-hfb-above-header-display":"","ast-hfb-mobile-header-display":"","site-post-title":"disabled","ast-breadcrumbs-content":"","ast-featured-img":"disabled","footer-sml-layout":"","theme-transparent-header-meta":"","adv-header-id-meta":"","stick-header-meta":"","header-above-stick-meta":"","header-main-stick-meta":"","header-below-stick-meta":"","footnotes":""},"class_list":["post-890","page","type-page","status-publish","hentry"],"_links":{"self":[{"href":"https:\/\/bygdeforeningen.vidsel.se\/index.php\/wp-json\/wp\/v2\/pages\/890","targetHints":{"allow":["GET"]}}],"collection":[{"href":"https:\/\/bygdeforeningen.vidsel.se\/index.php\/wp-json\/wp\/v2\/pages"}],"about":[{"href":"https:\/\/bygdeforeningen.vidsel.se\/index.php\/wp-json\/wp\/v2\/types\/page"}],"author":[{"embeddable":true,"href":"https:\/\/bygdeforeningen.vidsel.se\/index.php\/wp-json\/wp\/v2\/users\/3"}],"replies":[{"embeddable":true,"href":"https:\/\/bygdeforeningen.vidsel.se\/index.php\/wp-json\/wp\/v2\/comments?post=890"}],"version-history":[{"count":34,"href":"https:\/\/bygdeforeningen.vidsel.se\/index.php\/wp-json\/wp\/v2\/pages\/890\/revisions"}],"predecessor-version":[{"id":2064,"href":"https:\/\/bygdeforeningen.vidsel.se\/index.php\/wp-json\/wp\/v2\/pages\/890\/revisions\/2064"}],"wp:attachment":[{"href":"https:\/\/bygdeforeningen.vidsel.se\/index.php\/wp-json\/wp\/v2\/media?parent=890"}],"curies":[{"name":"wp","href":"https:\/\/api.w.org\/{rel}","templated":true}]}}

<div data-elementor-type="wp-page" data-elementor-id="890" class="elementor elementor-890" data-elementor-settings="[]">
							<div class="elementor-section-wrap">
							<section class="elementor-section elementor-top-section elementor-element elementor-element-3b526246 elementor-section-height-min-height elementor-section-content-middle elementor-section-boxed elementor-section-height-default elementor-section-items-middle" data-id="3b526246" data-element_type="section" data-settings="{&quot;background_background&quot;:&quot;classic&quot;}">
							<div class="elementor-background-overlay"></div>
							<div class="elementor-container elementor-column-gap-no">
					<div class="elementor-column elementor-col-100 elementor-top-column elementor-element elementor-element-230cda27" data-id="230cda27" data-element_type="column">
			<div class="elementor-widget-wrap elementor-element-populated">
								<div class="elementor-element elementor-element-1c73ed1e elementor-widget elementor-widget-heading" data-id="1c73ed1e" data-element_type="widget" data-widget_type="heading.default">
				<div class="elementor-widget-container">
			<h2 class="elementor-heading-title elementor-size-default">Hyresvillkor </h2>		</div>
				</div>
					</div>
		</div>
							</div>
		</section>
				<section class="elementor-section elementor-top-section elementor-element elementor-element-1b64710a elementor-section-boxed elementor-section-height-default elementor-section-height-default" data-id="1b64710a" data-element_type="section">
						<div class="elementor-container elementor-column-gap-default">
					<div class="elementor-column elementor-col-100 elementor-top-column elementor-element elementor-element-45341046" data-id="45341046" data-element_type="column">
			<div class="elementor-widget-wrap elementor-element-populated">
								<div class="elementor-element elementor-element-7284f7cc elementor-widget elementor-widget-spacer" data-id="7284f7cc" data-element_type="widget" data-widget_type="spacer.default">
				<div class="elementor-widget-container">
					<div class="elementor-spacer">
			<div class="elementor-spacer-inner"></div>
		</div>
				</div>
				</div>
				<div class="elementor-element elementor-element-4b59dd7d elementor-widget elementor-widget-heading" data-id="4b59dd7d" data-element_type="widget" data-widget_type="heading.default">
				<div class="elementor-widget-container">
			<h2 class="elementor-heading-title elementor-size-default">Hyresvillkor &amp; ordningsföreskrifter</h2>		</div>
				</div>
				<div class="elementor-element elementor-element-bafdf6f elementor-widget elementor-widget-text-editor" data-id="bafdf6f" data-element_type="widget" data-widget_type="text-editor.default">
				<div class="elementor-widget-container">
							<p>Person som hyr lokalen bär ansvar för att ordningsföreskrifterna följs, lokalen hyrs av myndig person. Vid ungdomsverksamhet liknande klassfester och liknande skall en vuxen ansvarig finnas närvarande.</p><p>Uthyrningstiden skall hållas, önskade förändringar måste alltid anmälas till uthyraren.</p><p>Endast förhyrd lokal får disponeras. Lokalerna skall hållas i god ordning och hyresgästen skall se till att lokalen städas efter användningen, i förekommande fall även vid entrén, sopsortering gäller: grön tunna (brännbart) finns bakom skolans matsal, övrigt som glas, papper, metall mm skall hyresgästen själv transportera till byns återvinningsstation. Sedan se till att lampor släcks och dörrar låses. Om skador uppstår eller saker går sönder måste hyresvärden (VBF) meddelas, vid större skador krävs ersättning.</p>						</div>
				</div>
					</div>
		</div>
							</div>
		</section>
				<section class="elementor-section elementor-top-section elementor-element elementor-element-76100f37 elementor-section-boxed elementor-section-height-default elementor-section-height-default" data-id="76100f37" data-element_type="section">
						<div class="elementor-container elementor-column-gap-default">
					<div class="elementor-column elementor-col-100 elementor-top-column elementor-element elementor-element-237beba1" data-id="237beba1" data-element_type="column">
			<div class="elementor-widget-wrap elementor-element-populated">
								<div class="elementor-element elementor-element-7a8f5422 elementor-widget elementor-widget-heading" data-id="7a8f5422" data-element_type="widget" data-widget_type="heading.default">
				<div class="elementor-widget-container">
			<h2 class="elementor-heading-title elementor-size-medium">bokning / Betalning / Avbokning</h2>		</div>
				</div>
				<div class="elementor-element elementor-element-974bb8f elementor-widget elementor-widget-text-editor" data-id="974bb8f" data-element_type="widget" data-widget_type="text-editor.default">
				<div class="elementor-widget-container">
							<p>För pris eller bokning kontakta Eina via telefon 070-308 53 76</p>						</div>
				</div>
				<div class="elementor-element elementor-element-03e1108 elementor-widget elementor-widget-spacer" data-id="03e1108" data-element_type="widget" data-widget_type="spacer.default">
				<div class="elementor-widget-container">
					<div class="elementor-spacer">
			<div class="elementor-spacer-inner"></div>
		</div>
				</div>
				</div>
					</div>
		</div>
							</div>
		</section>
						</div>
					</div>

<p>Hyresvillkor Hyresvillkor &amp; ordningsföreskrifter Person som hyr lokalen bär ansvar för att ordningsföreskrifterna följs, lokalen hyrs av myndig person. Vid ungdomsverksamhet liknande klassfester och liknande skall en vuxen ansvarig finnas närvarande. Uthyrningstiden skall hållas, önskade förändringar måste alltid anmälas till uthyraren. Endast förhyrd lokal får disponeras. Lokalerna skall hållas i god ordning och hyresgästen skall &hellip;</p>
<p class="read-more"> <a class="" href="https://bygdeforeningen.vidsel.se/index.php/hyresvillkor/"> <span class="screen-reader-text">Hyresvillkor</span> Läs mer &raquo;</a></p>
